{"id":3,"date":"2024-06-24T07:56:05","date_gmt":"2024-06-24T07:56:05","guid":{"rendered":"https:\/\/www.nodoi.it\/?page_id=3"},"modified":"2024-07-02T18:26:22","modified_gmt":"2024-07-02T16:26:22","slug":"privacy-policy","status":"publish","type":"page","link":"https:\/\/www.cc3.it\/?page_id=3","title":{"rendered":"Privacy Policy"},"content":{"rendered":"<p>INFORMATIVA DELLA LEGGE SULLA PRIVACY<\/p>\n<p>In questa pagina si descrivono le modalit\u00e0 di gestione del sito in riferimento al trattamento dei dati personali degli utenti che lo consultano.<br \/>\nSi tratta di un\u2019informativa che \u00e8 resa anche ai sensi dell\u2019art. 13 del d.lgs. n. 196\/2003 \u2013 Codice in materia di protezione dei dati personali a coloro che interagiscono con i servizi web di Web, of course! di Alessandro Cingerla, accessibili per via telematica all\u2019indirizzo: webofcourse.com.<br \/>\nL\u2019informativa s\u2019ispira anche alla Raccomandazione n. 2\/2001 che le autorit\u00e0 europee per la protezione dei dati personali, riunite nel Gruppo istituito dall\u2019art. 29 della direttiva n. 95\/46\/CE, hanno adottato il 17 maggio 2001 per individuare alcuni requisiti minimi per la raccolta di dati personali on\u2010line e, in particolare, le modalit\u00e0, i tempi e la natura delle informazioni che i titolari del trattamento devono fornire agli utenti quando questi si collegano a pagine web, indipendentemente dagli scopi del collegamento.<br \/>\nColoro che utilizzano webofcourse.com per fini professionali sono tenuti all\u2019osservanza delle prescrizioni contenute nel Codice per la protezione dei dati personali e, in particolare, a quelle previste dall\u2019art. 130, in tema di comunicazioni indesiderate (uso di sistemi automatizzati di chiamata, posta elettronica, telefax, messaggi di tipo Mms o Sms) e a quelle dettate dall\u2019art. 130.3-bis, in tema di obbligo di preventiva consultazione del registro delle opposizioni a carico di tutti coloro che intendono fare tele-marketing (sia verso imprese che verso consumatori).<br \/>\nPer quanto, invece, riguarda la possibilit\u00e0 di essere contattati, sempre per fini commerciali, ma mediante utilizzo del numero di telefono pubblicato su webofcourse.com, si ricorda che coloro che non vogliono essere contattati telefonicamente per tali fini devono manifestare espressamente tale volont\u00e0 iscrivendo il proprio numero telefonico nel Registro delle Opposizioni (www.registrodelleopposizioni.it), disciplinato con D.P.R.<br \/>\n7\/9\/2010 n. 178. Di conseguenza non \u00e8 pi\u00f9 efficace l\u2019espressione di consenso resa al riguardo in precedenza ed in base alla quale i numeri telefonici pubblicati sugli elenchi non potevano essere utilizzati per fini di comunicazione commerciale, salvo che l\u2019abbonato non vi avesse espressamente consentito (facendo inserire sugli elenchi, accanto al proprio nominativo, il simbolo di una cornetta telefonica).<br \/>\nIL \u201cTITOLARE\u201d DEL TRATTAMENTO<\/p>\n<p>A seguito della consultazione di questo sito possono essere trattati dati relativi a persone identificate o identificabili.<br \/>\nIl \u201ctitolare\u201d del loro trattamento \u00e8 Web, of course! di Alessandro Cingerla Alessandro Cingerla, con sede in b.go Cividale 23, 33057 Palmanova (UD) \u2010 Italia.<br \/>\nLUOGO DI TRATTAMENTO DEI DATI<\/p>\n<p>I trattamenti connessi ai servizi web di questo sito hanno luogo presso la predetta sede della societ\u00e0 e sono curati solo da personale autorizzato, o da eventuali incaricati di occasionali operazioni di manutenzione. Nessun dato derivante dal servizio web viene comunicato o diffuso.<br \/>\nI dati personali forniti dagli utenti che inoltrano richieste di invio di materiale informativo (mailing list, newsletter, risposte a quesiti, ecc.) sono utilizzati al solo fine di eseguire il servizio o la prestazione richiesta e non sono comunicate a terzi.<br \/>\nTIPI DI DATI TRATTATI<\/p>\n<p>Dati di navigazione.<br \/>\nI sistemi informatici e le procedure software preposte al funzionamento di questo sito web acquisiscono, nel corso del loro normale esercizio, alcuni dati personali la cui trasmissione \u00e8 implicita nell\u2019uso dei protocolli di comunicazione di Internet. Si tratta di informazioni che non sono raccolte per essere associate a interessati identificati, ma che per loro stessa natura potrebbero, attraverso elaborazioni ed associazioni con dati detenuti da terzi, permettere di identificare gli utenti. In questa categoria di dati rientrano gli indirizzi IP o i nomi a dominio dei computer utilizzati dagli utenti che si connettono al sito, gli indirizzi in notazione URI (Uniform Resource Identifier) delle risorse richieste, l\u2019orario della richiesta, il metodo utilizzato nel sottoporre la richiesta al server, la dimensione del file ottenuto in risposta, il codice numerico indicante lo stato della risposta data dal server (buon fine, errore, ecc.) ed altri parametri relativi al sistema operativo e all\u2019ambiente informatico dell\u2019utente.<br \/>\nQuesti dati vengono utilizzati al solo fine di ricavare informazioni statistiche anonime sull\u2019uso del sito e per controllarne il corretto funzionamento.<br \/>\nI dati potrebbero essere utilizzati per l\u2019accertamento di responsabilit\u00e0 in caso di ipotetici reati informatici ai danni del sito.<br \/>\nDati forniti volontariamente dall\u2019utente<br \/>\nL\u2019invio facoltativo, esplicito e volontario di posta elettronica agli indirizzi indicati su questo sito comporta la successiva acquisizione dell\u2019indirizzo del mittente, necessario per rispondere alle richieste, nonch\u00e9 degli eventuali altri dati personali inseriti nella missiva.<br \/>\nCOOKIES<\/p>\n<p>Qui va riportato il testo di cui all\u2019informativa specifica sui cookie di cui all\u2019Allegato 1 se rientro nei punti 1, 2 e 3 della tabella di cui al punto 6. Se ricado nei punti 5, 6 e 7 posso riportare il testo seguente:<br \/>\nSpecifica informativa su come il sito webofcourse.com gestisce i cookie la potete trovare al seguente link: informativa cookie: webofcourse.com\/cookie<br \/>\nMONITORAGGIO, STATISTICHE E PLUGINS<br \/>\nUtilizzo di Google Analytics<\/p>\n<p>Questo sito web utilizza Google Analytics, un servizio di analisi web fornito da Google Inc., 1600<br \/>\nAmphitheatre Parkway, Mountain View, California, 94043 USA, (di seguito \u201cGoogle\u201d). Google Analytics utilizza i cosiddetti \u201ccookie\u201d, dei file di testo che vengono salvati sul vostro computer per consentire di analizzare come utilizzate il sito web. Le informazioni sull\u2019utilizzo del sito web (incluso il vostro indirizzo IP) ottenute tramite i cookie verranno inviate e memorizzate in un server di Google negli Stati Uniti. Google utilizzer\u00e0 queste informazioni allo scopo di analizzare il vostro utilizzo del sito web, stilare report sul traffico del sito web per il titolare del sito e offrire ulteriori servizi relativi all\u2019utilizzo del sito web e di Internet. Google pu\u00f2 anche trasmettere queste informazioni a terzi ove ci\u00f2 sia prescritto dalla legge o laddove tali terzi trattino le suddette informazioni per conto di Google. In nessun caso Google assocer\u00e0 il vostro indirizzo IP ad altri dati posseduti da Google. Potete evitare l\u2019installazione dei cookie modificando le impostazioni del vostro browser, facciamo tuttavia presente che ci\u00f2 potrebbe impedirvi di utilizzare tutte le funzionalit\u00e0 di questo sito web. Utilizzando il presente sito web, acconsentite al trattamento dei vostri dati da parte di Google per le modalit\u00e0 e i fini sopraindicati. Potete revocare in ogni momento il vostro consenso alla futura raccolta e memorizzazione dei dati personali. A tal fine, i nostri contatti sono riportati nel colophon. In alternativa, potete utilizzare l\u2019Add-on di disattivazione di Google Analytics (http:\/\/tools.google.com\/dlpage\/gaoptout?hl=de), se disponibile per il vostro browser.<br \/>\nSi fa presente che questo sito impiega Google Analytic con l\u2019estensione \u201c_anonymizeIp()\u201d e quindi viene impiegata una versione abbreviata degli indirizzi IP in modo da evitare un\u2019identificazione personale diretta.<br \/>\nPer consultare l\u2019informativa privacy della societ\u00e0 Google, relativa al servizio Google Analytics, si prega di visitare il sito Internet http:\/\/www.google.com\/intl\/en\/analytics\/privacyoverview.html .<br \/>\nPer conoscere le norme sulla privacy di Google, s\u2019invita a vistare il sito Internet http:\/\/www.google.com\/intl\/it\/privacy\/privacy-policy.html .<br \/>\nUtilizzando il nostro sito web, si acconsente al trattamento dei propri dati da parte di Google per le modalit\u00e0 e i fini sopra indicati.<br \/>\nFACOLTATIVIT\u00c0 DEL CONFERIMENTO DEI DATI<\/p>\n<p>A parte quanto specificato per i dati di navigazione, l\u2019utente \u00e8 libero di fornire i dati personali riportati nei moduli di richiesta alla societ\u00e0. Il loro mancato conferimento pu\u00f2 comportare l\u2019impossibilit\u00e0 di ottenere quanto richiesto.<br \/>\nMODALIT\u00c0 DEL TRATTAMENTO<\/p>\n<p>I dati personali sono trattati con strumenti automatizzati e non, per gli scopi per cui sono stati raccolti. Specifiche misure di sicurezza sono osservate per prevenire la perdita dei dati, usi illeciti o non corretti ed accessi non autorizzati. I dati raccolti, potranno essere utilizzati per conto del titolare del trattamento, dagli amministratori incaricati di svolgere servizi di elaborazione e di corretto svolgimento delle attivit\u00e0 del sito.<br \/>\nTRASFERIMENTO DELLE TUE INFORMAZIONI ALL\u2019ESTERO<\/p>\n<p>I dati personali forniti, immessi tramite questo o altri siti web, potranno essere trasferite ad altri paesi da noi o da nostri agenti allo scopo di assolvere agli obblighi contrattuali e dagli adempimenti obbligatori di comunicazione intra\u2010gruppo e\/o franchising.<br \/>\nDIRITTI DEGLI INTERESSATI<\/p>\n<p>I soggetti cui si riferiscono i dati personali hanno il diritto in qualunque momento di ottenere la conferma dell\u2019esistenza o meno dei medesimi dati e di conoscerne il contenuto e l\u2019origine, verificarne l\u2019esattezza o chiederne l\u2019integrazione o l\u2019aggiornamento, oppure la rettificazione (art. 7 del d.lgs. n. 196\/2003).<br \/>\nAi sensi del medesimo articolo si ha il diritto di chiedere la cancellazione, la trasformazione in forma anonima o il blocco dei dati trattati in violazione di legge, nonch\u00e9 di opporsi in ogni caso, per motivi legittimi, al loro trattamento. Le richieste vanno rivolte alla societ\u00e0 Web, of course! di Alessandro Cingerla.<\/p>\n<p>Per maggiori informazioni puoi contattare il Titolare del trattamento:<\/p>\n<p>Web, of course! di Alessandro Cingerla Alessandro Cingerla, b.go Cividale 23, 33057 Palmanova (UD) +39 388 7759000<\/p>\n<p>Ultima modifica: 13 giugno 2015<\/p>\n","protected":false},"excerpt":{"rendered":"<p>INFORMATIVA DELLA LEGGE SULLA PRIVACY In questa pagina si descrivono le modalit\u00e0 di gestione del sito in riferimento al trattamento [&hellip;]<\/p>\n","protected":false},"author":1,"featured_media":0,"parent":0,"menu_order":0,"comment_status":"closed","ping_status":"open","template":"","meta":{"_uag_custom_page_level_css":"","site-sidebar-layout":"default","site-content-layout":"","ast-site-content-layout":"default","site-content-style":"default","site-sidebar-style":"default","ast-global-header-display":"","ast-banner-title-visibility":"","ast-main-header-display":"","ast-hfb-above-header-display":"","ast-hfb-below-header-display":"","ast-hfb-mobile-header-display":"","site-post-title":"","ast-breadcrumbs-content":"","ast-featured-img":"","footer-sml-layout":"","theme-transparent-header-meta":"","adv-header-id-meta":"","stick-header-meta":"","header-above-stick-meta":"","header-main-stick-meta":"","header-below-stick-meta":"","astra-migrate-meta-layouts":"default","ast-page-background-enabled":"default","ast-page-background-meta":{"desktop":{"background-color":"var(--ast-global-color-4)","background-image":"","background-repeat":"repeat","background-position":"center center","background-size":"auto","background-attachment":"scroll","background-type":"","background-media":"","overlay-type":"","overlay-color":"","overlay-opacity":"","overlay-gradient":""},"tablet":{"background-color":"","background-image":"","background-repeat":"repeat","background-position":"center center","background-size":"auto","background-attachment":"scroll","background-type":"","background-media":"","overlay-type":"","overlay-color":"","overlay-opacity":"","overlay-gradient":""},"mobile":{"background-color":"","background-image":"","background-repeat":"repeat","background-position":"center center","background-size":"auto","background-attachment":"scroll","background-type":"","background-media":"","overlay-type":"","overlay-color":"","overlay-opacity":"","overlay-gradient":""}},"ast-content-background-meta":{"desktop":{"background-color":"var(--ast-global-color-5)","background-image":"","background-repeat":"repeat","background-position":"center center","background-size":"auto","background-attachment":"scroll","background-type":"","background-media":"","overlay-type":"","overlay-color":"","overlay-opacity":"","overlay-gradient":""},"tablet":{"background-color":"var(--ast-global-color-5)","background-image":"","background-repeat":"repeat","background-position":"center center","background-size":"auto","background-attachment":"scroll","background-type":"","background-media":"","overlay-type":"","overlay-color":"","overlay-opacity":"","overlay-gradient":""},"mobile":{"background-color":"var(--ast-global-color-5)","background-image":"","background-repeat":"repeat","background-position":"center center","background-size":"auto","background-attachment":"scroll","background-type":"","background-media":"","overlay-type":"","overlay-color":"","overlay-opacity":"","overlay-gradient":""}},"footnotes":""},"class_list":["post-3","page","type-page","status-publish","hentry"],"uagb_featured_image_src":{"full":false,"thumbnail":false,"medium":false,"medium_large":false,"large":false,"1536x1536":false,"2048x2048":false},"uagb_author_info":{"display_name":"debug","author_link":"https:\/\/www.cc3.it\/?author=1"},"uagb_comment_info":0,"uagb_excerpt":"INFORMATIVA DELLA LEGGE SULLA PRIVACY In questa pagina si descrivono le modalit\u00e0 di gestione del sito in riferimento al trattamento [&hellip;]","_links":{"self":[{"href":"https:\/\/www.cc3.it\/index.php?rest_route=\/wp\/v2\/pages\/3","targetHints":{"allow":["GET"]}}],"collection":[{"href":"https:\/\/www.cc3.it\/index.php?rest_route=\/wp\/v2\/pages"}],"about":[{"href":"https:\/\/www.cc3.it\/index.php?rest_route=\/wp\/v2\/types\/page"}],"author":[{"embeddable":true,"href":"https:\/\/www.cc3.it\/index.php?rest_route=\/wp\/v2\/users\/1"}],"replies":[{"embeddable":true,"href":"https:\/\/www.cc3.it\/index.php?rest_route=%2Fwp%2Fv2%2Fcomments&post=3"}],"version-history":[{"count":2,"href":"https:\/\/www.cc3.it\/index.php?rest_route=\/wp\/v2\/pages\/3\/revisions"}],"predecessor-version":[{"id":331,"href":"https:\/\/www.cc3.it\/index.php?rest_route=\/wp\/v2\/pages\/3\/revisions\/331"}],"wp:attachment":[{"href":"https:\/\/www.cc3.it\/index.php?rest_route=%2Fwp%2Fv2%2Fmedia&parent=3"}],"curies":[{"name":"wp","href":"https:\/\/api.w.org\/{rel}","templated":true}]}}